Dec 01 02:41:10.757 INFO testing shaneutt/dcos-k8s-rust-skaffold-demo against master#8940af3cea4a9a9deabcaf843b2f8cad9a83fc61 for beta-1.31-5
Dec 01 02:41:10.757 INFO running `"docker" "create" "-v" "/mnt/big/crater/work/local/target-dirs/beta-1.31-5/worker-4/master#8940af3cea4a9a9deabcaf843b2f8cad9a83fc61:/target:rw,Z" "-v" "/mnt/big/crater/work/local/test-source/worker-4/beta-1.31-5/master#8940af3cea4a9a9deabcaf843b2f8cad9a83fc61:/source:ro,Z" "-v" "/mnt/big/crater/work/local/cargo-home:/cargo-home:ro,Z" "-v" "/mnt/big/crater/work/local/rustup-home:/rustup-home:ro,Z" "-e" "USER_ID=1000" "-e" "SOURCE_DIR=/source" "-e" "USER_ID=1000" "-e" "CMD=cargo +8940af3cea4a9a9deabcaf843b2f8cad9a83fc61-alt build --frozen" "-e" "CARGO_TARGET_DIR=/target" "-e" "CARGO_INCREMENTAL=0" "-e" "RUST_BACKTRACE=full" "-e" "RUSTFLAGS=--cap-lints=warn" "-e" "CARGO_HOME=/cargo-home" "-e" "RUSTUP_HOME=/rustup-home" "-m" "1536M" "--network" "none" "crater"`
Dec 01 02:41:11.208 INFO [stdout] aa15892294a0f6d1b120a9901bb08e67384eea7c65b4e08ff3c3bf541f034595
Dec 01 02:41:11.210 INFO running `"docker" "start" "-a" "aa15892294a0f6d1b120a9901bb08e67384eea7c65b4e08ff3c3bf541f034595"`
Dec 01 02:41:12.777 INFO [stderr] usermod: no changes
Dec 01 02:41:13.029 INFO [stderr]    Compiling isatty v0.1.9
Dec 01 02:41:13.039 INFO [stderr]    Compiling base64 v0.6.0
Dec 01 02:41:13.063 INFO [stderr]    Compiling pear_codegen v0.0.20
Dec 01 02:41:13.064 INFO [stderr]    Compiling rocket v0.3.17
Dec 01 02:41:13.065 INFO [stderr]    Compiling rocket_codegen v0.3.17
Dec 01 02:41:13.065 INFO [stderr]    Compiling mime v0.2.6
Dec 01 02:41:13.065 INFO [stderr]    Compiling serde_json v1.0.31
Dec 01 02:41:13.066 INFO [stderr]    Compiling syn v0.15.7
Dec 01 02:41:13.495 INFO [stderr] error: failed to run custom build command for `pear_codegen v0.0.20`
Dec 01 02:41:13.495 INFO [stderr] process didn't exit successfully: `/target/debug/build/pear_codegen-545f8475d142af57/build-script-build` (exit code: 101)
Dec 01 02:41:13.495 INFO [stderr] --- stderr
Dec 01 02:41:13.495 INFO [stderr] [1;31mError:[0m [37mPear requires a nightly or dev version of Rust.[0m
Dec 01 02:41:13.495 INFO [stderr] [37mInstalled version is:[0m [33m1.31.0-beta.20 (2018-11-30)[0m. [37mMinimum required:[0m [33m1.30.0-nightly (2018-08-23)[0m.
Dec 01 02:41:13.495 INFO [stderr] thread 'main' panicked at 'Aborting compilation due to incompatible compiler.', /cargo-home/registry/src/github.com-1ecc6299db9ec823/pear_codegen-0.0.20/build.rs:31:13
Dec 01 02:41:13.495 INFO [stderr] stack backtrace:
Dec 01 02:41:13.495 INFO [stderr]    0:     0x561ea99b227f - std::sys::unix::backtrace::tracing::imp::unwind_backtrace::h3a8b83e1922cbdde
Dec 01 02:41:13.495 INFO [stderr]                                at libstd/sys/unix/backtrace/tracing/gcc_s.rs:49
Dec 01 02:41:13.495 INFO [stderr]    1:     0x561ea99bdc57 - std::sys_common::backtrace::print::h00d3155a29b4020f
Dec 01 02:41:13.495 INFO [stderr]                                at libstd/sys_common/backtrace.rs:71
Dec 01 02:41:13.495 INFO [stderr]                                at libstd/sys_common/backtrace.rs:59
Dec 01 02:41:13.495 INFO [stderr]    2:     0x561ea99b6b1f - std::panicking::default_hook::{{closure}}::hd7465c742e79e1bb
Dec 01 02:41:13.495 INFO [stderr]                                at libstd/panicking.rs:211
Dec 01 02:41:13.495 INFO [stderr]    3:     0x561ea99b6884 - std::panicking::default_hook::h9e3966f2aa2a6e12
Dec 01 02:41:13.495 INFO [stderr]                                at libstd/panicking.rs:227
Dec 01 02:41:13.495 INFO [stderr]    4:     0x561ea99b714e - std::panicking::rust_panic_with_hook::h587f091ae747d080
Dec 01 02:41:13.495 INFO [stderr]                                at libstd/panicking.rs:476
Dec 01 02:41:13.495 INFO [stderr]    5:     0x561ea9988cb3 - std::panicking::begin_panic::h4e3730271beb8b92
Dec 01 02:41:13.495 INFO [stderr]                                at libstd/panicking.rs:410
Dec 01 02:41:13.495 INFO [stderr]    6:     0x561ea9986d78 - build_script_build::main::hd397855388fb565b
Dec 01 02:41:13.495 INFO [stderr]                                at /cargo-home/registry/src/github.com-1ecc6299db9ec823/pear_codegen-0.0.20/build.rs:31
Dec 01 02:41:13.495 INFO [stderr]    7:     0x561ea998959f - std::rt::lang_start::{{closure}}::h7b3193c265bb446b
Dec 01 02:41:13.495 INFO [stderr]                                at libstd/rt.rs:74
Dec 01 02:41:13.495 INFO [stderr]    8:     0x561ea99b6bc2 - std::panicking::try::do_call::h52e7f80ff0fdcc45
Dec 01 02:41:13.495 INFO [stderr]                                at libstd/rt.rs:59
Dec 01 02:41:13.495 INFO [stderr]                                at libstd/panicking.rs:310
Dec 01 02:41:13.495 INFO [stderr]    9:     0x561ea99c8c09 - __rust_maybe_catch_panic
Dec 01 02:41:13.495 INFO [stderr]                                at libpanic_unwind/lib.rs:102
Dec 01 02:41:13.495 INFO [stderr]   10:     0x561ea99a68da - std::rt::lang_start_internal::h38cae898de7f805c
Dec 01 02:41:13.495 INFO [stderr]                                at libstd/panicking.rs:289
Dec 01 02:41:13.495 INFO [stderr]                                at libstd/panic.rs:392
Dec 01 02:41:13.495 INFO [stderr]                                at libstd/rt.rs:58
Dec 01 02:41:13.495 INFO [stderr]   11:     0x561ea9989578 - std::rt::lang_start::h40513075cbc2edc4
Dec 01 02:41:13.495 INFO [stderr]                                at libstd/rt.rs:74
Dec 01 02:41:13.495 INFO [stderr]   12:     0x561ea9987c49 - main
Dec 01 02:41:13.495 INFO [stderr]   13:     0x7fab6fb7b82f - __libc_start_main
Dec 01 02:41:13.495 INFO [stderr]   14:     0x561ea9986658 - _start
Dec 01 02:41:13.495 INFO [stderr]   15:                0x0 - <unknown>
Dec 01 02:41:13.495 INFO [stderr] 
Dec 01 02:41:13.495 INFO [stderr] warning: build failed, waiting for other jobs to finish...
Dec 01 02:41:13.511 INFO [stderr] error: failed to run custom build command for `rocket_codegen v0.3.17`
Dec 01 02:41:13.511 INFO [stderr] process didn't exit successfully: `/target/debug/build/rocket_codegen-3a54d251231151b7/build-script-build` (exit code: 101)
Dec 01 02:41:13.512 INFO [stderr] --- stderr
Dec 01 02:41:13.512 INFO [stderr] [1;31mError:[0m [37mRocket requires a nightly or dev version of Rust.[0m
Dec 01 02:41:13.512 INFO [stderr] [37mInstalled version is:[0m [33m1.31.0-beta.20 (2018-11-30)[0m. [37mMinimum required:[0m [33m1.30.0-nightly (2018-08-23)[0m.
Dec 01 02:41:13.513 INFO [stderr] [34mSee the getting started guide ([0m[37mhttps://rocket.rs/guide/getting-started/[0m[34m) for more information.[0m
Dec 01 02:41:13.513 INFO [stderr] thread 'main' panicked at 'Aborting compilation due to incompatible compiler.', /cargo-home/registry/src/github.com-1ecc6299db9ec823/rocket_codegen-0.3.17/build.rs:38:17
Dec 01 02:41:13.513 INFO [stderr] stack backtrace:
Dec 01 02:41:13.513 INFO [stderr]    0:     0x55eee3f804af - std::sys::unix::backtrace::tracing::imp::unwind_backtrace::h3a8b83e1922cbdde
Dec 01 02:41:13.514 INFO [stderr]                                at libstd/sys/unix/backtrace/tracing/gcc_s.rs:49
Dec 01 02:41:13.514 INFO [stderr]    1:     0x55eee3f8be87 - std::sys_common::backtrace::print::h00d3155a29b4020f
Dec 01 02:41:13.514 INFO [stderr]                                at libstd/sys_common/backtrace.rs:71
Dec 01 02:41:13.515 INFO [stderr]                                at libstd/sys_common/backtrace.rs:59
Dec 01 02:41:13.515 INFO [stderr]    2:     0x55eee3f84d4f - std::panicking::default_hook::{{closure}}::hd7465c742e79e1bb
Dec 01 02:41:13.515 INFO [stderr]                                at libstd/panicking.rs:211
Dec 01 02:41:13.516 INFO [stderr]    3:     0x55eee3f84ab4 - std::panicking::default_hook::h9e3966f2aa2a6e12
Dec 01 02:41:13.516 INFO [stderr]                                at libstd/panicking.rs:227
Dec 01 02:41:13.516 INFO [stderr]    4:     0x55eee3f8537e - std::panicking::rust_panic_with_hook::h587f091ae747d080
Dec 01 02:41:13.517 INFO [stderr]                                at libstd/panicking.rs:476
Dec 01 02:41:13.517 INFO [stderr]    5:     0x55eee3f56ee3 - std::panicking::begin_panic::h3cdb33aadd4ba46c
Dec 01 02:41:13.517 INFO [stderr]                                at libstd/panicking.rs:410
Dec 01 02:41:13.518 INFO [stderr]    6:     0x55eee3f54fb4 - build_script_build::main::hf707b40a95e32645
Dec 01 02:41:13.518 INFO [stderr]                                at /cargo-home/registry/src/github.com-1ecc6299db9ec823/rocket_codegen-0.3.17/build.rs:38
Dec 01 02:41:13.518 INFO [stderr]    7:     0x55eee3f577cf - std::rt::lang_start::{{closure}}::h6448f073247729bf
Dec 01 02:41:13.519 INFO [stderr]                                at libstd/rt.rs:74
Dec 01 02:41:13.519 INFO [stderr]    8:     0x55eee3f84df2 - std::panicking::try::do_call::h52e7f80ff0fdcc45
Dec 01 02:41:13.519 INFO [stderr]                                at libstd/rt.rs:59
Dec 01 02:41:13.520 INFO [stderr]                                at libstd/panicking.rs:310
Dec 01 02:41:13.520 INFO [stderr]    9:     0x55eee3f96e39 - __rust_maybe_catch_panic
Dec 01 02:41:13.520 INFO [stderr]                                at libpanic_unwind/lib.rs:102
Dec 01 02:41:13.521 INFO [stderr]   10:     0x55eee3f74b0a - std::rt::lang_start_internal::h38cae898de7f805c
Dec 01 02:41:13.521 INFO [stderr]                                at libstd/panicking.rs:289
Dec 01 02:41:13.521 INFO [stderr]                                at libstd/panic.rs:392
Dec 01 02:41:13.521 INFO [stderr]                                at libstd/rt.rs:58
Dec 01 02:41:13.522 INFO [stderr]   11:     0x55eee3f577a8 - std::rt::lang_start::h3a7d4f3d64909f8d
Dec 01 02:41:13.522 INFO [stderr]                                at libstd/rt.rs:74
Dec 01 02:41:13.522 INFO [stderr]   12:     0x55eee3f55e79 - main
Dec 01 02:41:13.527 INFO [stderr]   13:     0x7fb660aa782f - __libc_start_main
Dec 01 02:41:13.527 INFO [stderr]   14:     0x55eee3f54658 - _start
Dec 01 02:41:13.528 INFO [stderr]   15:                0x0 - <unknown>
Dec 01 02:41:13.528 INFO [stderr] 
Dec 01 02:41:13.528 INFO [stderr] warning: build failed, waiting for other jobs to finish...
Dec 01 02:41:13.553 INFO [stderr] error: failed to run custom build command for `rocket v0.3.17`
Dec 01 02:41:13.553 INFO [stderr] process didn't exit successfully: `/target/debug/build/rocket-6877f3be50dcc505/build-script-build` (exit code: 101)
Dec 01 02:41:13.553 INFO [stderr] --- stderr
Dec 01 02:41:13.554 INFO [stderr] [1;31mError:[0m [37mRocket requires a nightly or dev version of Rust.[0m
Dec 01 02:41:13.554 INFO [stderr] [37mInstalled version is:[0m [33m1.31.0-beta.20 (2018-11-30)[0m. [37mMinimum required:[0m [33m1.27.0-nightly (2018-04-26)[0m.
Dec 01 02:41:13.554 INFO [stderr] [34mSee the getting started guide ([0m[37mhttps://rocket.rs/guide/getting-started/[0m[34m) for more information.[0m
Dec 01 02:41:13.554 INFO [stderr] thread 'main' panicked at 'Aborting compilation due to incompatible compiler.', /cargo-home/registry/src/github.com-1ecc6299db9ec823/rocket-0.3.17/build.rs:38:13
Dec 01 02:41:13.554 INFO [stderr] stack backtrace:
Dec 01 02:41:13.555 INFO [stderr]    0:     0x560580a8c4bf - std::sys::unix::backtrace::tracing::imp::unwind_backtrace::h3a8b83e1922cbdde
Dec 01 02:41:13.555 INFO [stderr]                                at libstd/sys/unix/backtrace/tracing/gcc_s.rs:49
Dec 01 02:41:13.555 INFO [stderr]    1:     0x560580a97e97 - std::sys_common::backtrace::print::h00d3155a29b4020f
Dec 01 02:41:13.555 INFO [stderr]                                at libstd/sys_common/backtrace.rs:71
Dec 01 02:41:13.555 INFO [stderr]                                at libstd/sys_common/backtrace.rs:59
Dec 01 02:41:13.555 INFO [stderr]    2:     0x560580a90d5f - std::panicking::default_hook::{{closure}}::hd7465c742e79e1bb
Dec 01 02:41:13.556 INFO [stderr]                                at libstd/panicking.rs:211
Dec 01 02:41:13.556 INFO [stderr]    3:     0x560580a90ac4 - std::panicking::default_hook::h9e3966f2aa2a6e12
Dec 01 02:41:13.556 INFO [stderr]                                at libstd/panicking.rs:227
Dec 01 02:41:13.556 INFO [stderr]    4:     0x560580a9138e - std::panicking::rust_panic_with_hook::h587f091ae747d080
Dec 01 02:41:13.556 INFO [stderr]                                at libstd/panicking.rs:476
Dec 01 02:41:13.557 INFO [stderr]    5:     0x560580a62ef3 - std::panicking::begin_panic::h23eecaef6526ec18
Dec 01 02:41:13.557 INFO [stderr]                                at libstd/panicking.rs:410
Dec 01 02:41:13.557 INFO [stderr]    6:     0x560580a60fb5 - build_script_build::main::hf4a58592e5df52f0
Dec 01 02:41:13.557 INFO [stderr]                                at /cargo-home/registry/src/github.com-1ecc6299db9ec823/rocket-0.3.17/build.rs:38
Dec 01 02:41:13.557 INFO [stderr]    7:     0x560580a637df - std::rt::lang_start::{{closure}}::hfed5074a970f8a15
Dec 01 02:41:13.557 INFO [stderr]                                at libstd/rt.rs:74
Dec 01 02:41:13.558 INFO [stderr]    8:     0x560580a90e02 - std::panicking::try::do_call::h52e7f80ff0fdcc45
Dec 01 02:41:13.558 INFO [stderr]                                at libstd/rt.rs:59
Dec 01 02:41:13.558 INFO [stderr]                                at libstd/panicking.rs:310
Dec 01 02:41:13.558 INFO [stderr]    9:     0x560580aa2e49 - __rust_maybe_catch_panic
Dec 01 02:41:13.558 INFO [stderr]                                at libpanic_unwind/lib.rs:102
Dec 01 02:41:13.559 INFO [stderr]   10:     0x560580a80b1a - std::rt::lang_start_internal::h38cae898de7f805c
Dec 01 02:41:13.559 INFO [stderr]                                at libstd/panicking.rs:289
Dec 01 02:41:13.559 INFO [stderr]                                at libstd/panic.rs:392
Dec 01 02:41:13.559 INFO [stderr]                                at libstd/rt.rs:58
Dec 01 02:41:13.559 INFO [stderr]   11:     0x560580a637b8 - std::rt::lang_start::h646c4981e0fa06cc
Dec 01 02:41:13.560 INFO [stderr]                                at libstd/rt.rs:74
Dec 01 02:41:13.560 INFO [stderr]   12:     0x560580a61e89 - main
Dec 01 02:41:13.560 INFO [stderr]   13:     0x7fbdc208382f - __libc_start_main
Dec 01 02:41:13.560 INFO [stderr]   14:     0x560580a60658 - _start
Dec 01 02:41:13.561 INFO [stderr]   15:                0x0 - <unknown>
Dec 01 02:41:13.561 INFO [stderr] 
Dec 01 02:41:13.561 INFO [stderr] warning: build failed, waiting for other jobs to finish...
Dec 01 02:41:25.617 INFO [stderr] error: build failed
Dec 01 02:41:25.619 INFO [stderr] su: No module specific data is present
Dec 01 02:41:26.211 INFO running `"docker" "inspect" "aa15892294a0f6d1b120a9901bb08e67384eea7c65b4e08ff3c3bf541f034595"`
Dec 01 02:41:26.487 INFO running `"docker" "rm" "-f" "aa15892294a0f6d1b120a9901bb08e67384eea7c65b4e08ff3c3bf541f034595"`
Dec 01 02:41:26.735 INFO [stdout] aa15892294a0f6d1b120a9901bb08e67384eea7c65b4e08ff3c3bf541f034595
